t z(t) = -12*t + 106. What are the prime factors of z(-10)?
2, 113
Let k = 966 + -285. What are the prime factors of k?
3, 227
Let d = 81 + -37. Let i = 117 - d. List the prime factors of i.
73
Let o(i) = 22*i + 184. List the prime factors of o(6).
2, 79
Suppose -5*p - 7 = -2*s, 0 = -4*s + p + 2*p + 7. Let g be 3/(-9) + s/3. Suppose -4*k = u - 108, g = -3*u + 12. List the prime factors of k.
2, 13
Let c = 65 - 64. What are the prime factors of (30/4)/(c - 84/88)?
3, 5, 11
Let m(a) = -1246*a - 288. What are the prime factors of m(-4)?
2, 587
Let f(s) be the third derivative of -s**4/24 + 2*s**3/3 - s**2. What are the prime factors of f(-4)?
2
Let q(n) be the third derivative of -n**4/24 - 4*n**3/3 - 6*n**2. Let h be q(-8). Suppose 140 = -h*j + 4*j. What are the prime factors of j?
5, 7
Let y(l) = -l**3 - 8*l**2 - 2*l - 11. Let h be y(-8). Suppose h*u - 14 = 1. Suppose 2 - 32 = -n + u*s, n - 2*s - 29 = 0. List the prime factors of n.
3
Let a(m) be the first derivative of -m**3/3 + 7*m**2 - 2*m - 1. Let k be a(12). Suppose -207 = -5*n - k. What are the prime factors of n?
37
Suppose -329*k + 337*k - 7016 = 0. List the prime factors of k.
877
Suppose -37 = -6*t + 59. Suppose 0 = t*u - 20*u + 12. List the prime factors of u.
3
Suppose -6 + 2 = -4*c. Let p(q) = 4*q - 2. Let d be p(c). Let x(n) = 10*n**2 + 4*n - 3. List the prime factors of x(d).
3, 5
Suppose 0*q + 3*q + 99 = -5*x, -4*x = -4*q + 92. Let a = x + 172. What are the prime factors of a?
151
Let t = 318 + -159. Suppose -3*m = -t + 24. What are the prime factors of m?
3, 5
Suppose 3*g + 0*g - 12 = 4*i, 4*i = g - 20. Let l(n) = -2*n**2 - 14*n - 7. Let u be l(i). List the prime factors of 1 + -3 - -3*u.
13
Let c(s) = s**3 - 17*s**2 + 20*s - 38. Let t be c(16). Suppose 19*y - t*y = -1169. List the prime factors of y.
167
Let o(s) = -6*s + 3. Let v be o(-3). Let z = 26 - v. Let j(i) = i + 1. What are the prime factors of j(z)?
2, 3
Suppose -633 = 49*u - 13422. What are the prime factors of u?
3, 29
Let d(b) = 5 - 1 + 22*b - 7*b - 2 + b**2. Let n(w) = -w**3 + 3*w**2 - 7*w + 3. Let k be n(3). What are the prime factors of d(k)?
2, 7
Let g be (-10)/(-4)*18/45. Let s = g + 22. Let c = s - 15. What are the prime factors of c?
2
Let f be (2/(-4))/((-1)/(-20)). Let d = f + 13. Suppose 5*r + 80 = d*v + 2*v, v - 22 = -5*r. What are the prime factors of v?
17
Let n = 25 - 24. Let t(o) = 6*o**3 - o**2 - o + 2. List the prime factors of t(n).
2, 3
Suppose -2*v + 0*k = 5*k - 757, 5*v + k - 1927 = 0. Suppose -3*t = 3*f - 0*f - 288, 0 = 4*t + 5*f - v. List the prime factors of t.
2, 47
Let c(q) = 3151*q**3 + 5*q**2 + 5*q - 9. What are the prime factors of c(1)?
2, 197
Suppose -4*f - f = 130. Let j = -24 - f. Suppose 153 = 5*o - j*a, -4*o = o + a - 156. List the prime factors of o.
31
Let c = -96 + -53. Let u = c + 349. Suppose -2*n + 7*n = u. List the prime factors of n.
2, 5
Let y be ((-3)/2)/((-27)/72). Suppose 282 = -q + y*q. List the prime factors of q.
2, 47
Let t = 2620 - 1207. List the prime factors of t.
3, 157
Let b = 2353 - 1323. What are the prime factors of b?
2, 5, 103
Suppose 4*c - 51 = 69. Suppose -5 = -x + 2*r, -r = 4*x + r - c. Suppose 0 = -6*i + x*i - 62. What are the prime factors of i?
2, 31
Suppose -92 = -4*v - 24. Let q = v + -20. Let c(b) = 3*b**2 - 2. List the prime factors of c(q).
5
Suppose 2*r + 108 = -56. Let p = 21 - r. List the prime factors of p.
103
Let n be (-72)/27*6/(-4). What are the prime factors of n*(-1 - -2) - -55?
59
Let v be (6/(-4))/((-12)/16). Suppose 0 = v*n - 22 + 16. Suppose q + 114 = n*q. What are the prime factors of q?
3, 19
Let w be -3 - (3 + -444)/3. Let b be 24/4 + -8 - 3*-2. Suppose 7*v - w = b*v. What are the prime factors of v?
2, 3
Let i be (-9)/(-6) - (-28)/8. Suppose -2*q = -i*q + 3. What are the prime factors of ((-36)/(-8))/(q/2)?
3
Let o(w) = 6*w**3 + w**2 + w. Suppose -4*p = -2*j, 4 + 6 = -3*j - 4*p. Let c be o(j). Let k = -32 - c. List the prime factors of k.
2, 7
What are the prime factors of 9552/9 + -2 + 66/18?
1063
Let u(b) = b**2 + 10*b + 19. Let z be u(-8). Suppose -h = z*h - 192. What are the prime factors of h?
2, 3
Suppose 16*x = 17*x + 77. List the prime factors of 33/x - 1658/(-14).
2, 59
Suppose -5*s - 42 = -202. List the prime factors of s.
2
Suppose 2*m + 4 = -c + 3, 9 = -3*m - 3*c. Suppose 159 = m*k - 139. What are the prime factors of k?
149
Let b = 7 + -4. Suppose b*n - 25 = 14. Let m = n - 4. List the prime factors of m.
3
What are the prime factors of (3/(-36))/(2/(-8))*897?
13, 23
Suppose 3*a - 5*a + 6 = 0. Suppose a*w - 3*b + 17 = 2*w, w = -5*b + 15. What are the prime factors of w/(-10) + (-73)/(-2)?
37
Suppose 0 = 4*s + 2*b - 8, 2*s - 4 = s - b. Let z(y) = -y - 13. Let g be z(-15). Suppose s*o + g*o = 16. List the prime factors of o.
2
What are the prime factors of 50 + -58 - (-3938)/2?
37, 53
Suppose 2*i = -7 + 29. Let x = -9 + i. Suppose -x*r + 24 = -34. List the prime factors of r.
29
Suppose -p - 15 = -5. Let x = p - -7. List the prime factors of (2/x)/(3/(-81)).
2, 3
List the prime factors of (5 + 81*-13 - -1)*-1.
3, 349
Let c = -25 + 20. Let p = c + 8. Suppose p*q + q - 224 = 0. List the prime factors of q.
2, 7
Let p be (0 + 20)*3/2. Suppose 0*b = -b + p. Let a = b + -19. What are the prime factors of a?
11
Let j(c) = 2*c + 322. List the prime factors of j(0).
2, 7, 23
Suppose 9*u + 224 = 16*u. What are the prime factors of u?
2
Let d be (-3)/12*2*0. Suppose -p + 59 = -d*p. What are the prime factors of p?
59
Suppose -t = -406 + 315. List the prime factors of t.
7, 13
Suppose 4*y - u - 1280 = -5*u, -2*y + 643 = 5*u. List the prime factors of y.
11, 29
Suppose -8*f + 14 = 70. What are the prime factors of ((-5)/(25/(-142)))/(f/(-35))?
2, 71
Let x be ((-96)/40)/(81/40 - 2). What are the prime factors of (x/18*-13)/((-1)/(-3))?
2, 13
List the prime factors of 73305/180 - 1/4.
11, 37
Let f be (-18)/4*144/81*3. List the prime factors of (-525)/(-8) - 3*3/f.
2, 3, 11
Suppose j - 5*h - 23 = 0, -3*h - 2 = 2*j + 4. Suppose 4*g + 5*y + 152 = 0, -j*g + 3*y - 114 = -y. Let z = 66 + g. List the prime factors of z.
2, 7
Let s(o) = -5*o - 5*o + 2*o**2 - 3 + 4*o - o**2. What are the prime factors of s(-6)?
3, 23
Suppose 0 = 5*c - 2*f - 19, -4*c = 2*f - 10 + 2. Suppose c*h - 228 = -4*z, z + 0*h = -h + 56. List the prime factors of z.
2, 3, 5
Suppose -5*l = -3 - 7. Suppose u = -l*u. Suppose u = 5*k - 45 + 5. List the prime factors of k.
2
Suppose -2*c = -5*l - 564, -5*c = 5*l + 620 - 35. Let d = -240 - -168. Let v = d - l. List the prime factors of v.
2, 3, 7
Let v(j) = -104*j + 19. List the prime factors of v(-27).
11, 257
Let k(x) = 98*x**2 - 6. List the prime factors of k(-3).
2, 3, 73
Let z(u) = u**3 - 6*u**2 + u - 8. Let s be z(6). Let l(a) = -11*a - 10. List the prime factors of l(s).
2, 3
Let p(c) = 24*c**2 + 2*c + 8. List the prime factors of p(-3).
2, 109
Let y = -1435 - -2451. List the prime factors of y.
2, 127
Let v(t) = t**2 - 2*t - 11. Let u be v(5). Suppose 58 = -u*o + 202. Let p = 73 - o. What are the prime factors of p?
37
Suppose -4*i = -q + 41, 0*q = -3*i - 5*q - 2. Let c be 6/i*(0 + 3). Let u(o) = 2*o**2 + 2*o + 3. List the prime factors of u(c).
7
Let c be ((-14)/2)/(-1*(-4)/(-44)). Suppose -c = -0*h - 2*h - 5*n, -4*h - 4*n + 148 = 0. What are the prime factors of h?
2, 3
Suppose 2*l + 2*l + 5*u = 7, 4*l = u + 13. Let v be (-12)/8 + l/6. Let p = 15 + v. List the prime factors of p.
2, 7
List the prime factors of (24/(-48))/(-1*2/1212).
3, 101
Let t = 563 + -127. List the prime factors of t.
2, 109
Let a(u) = u**2 + 4*u - 3. Let c be a(-5). Suppose 0 = -3*f - 5*k + 430, k - 154 = -f + c*k. List the prime factors of f.
2, 3, 5
Suppose 18*b + 10865 - 36605 = 0. What are the prime factors of b?
2, 5, 11, 13
Suppose 4*w - 2*v = 12 + 2, 1 = -w - v. Suppose -3*i = 2*r - 50, 17 = -w*r - 2*i + 69. List the prime factors of r.
2, 7
Suppose 5*u - 8 = 3*u. Suppose -230 = 4*f + 2*w, -4*w + 224 = -u*f - 8*w. Let r = f - -82. What are the prime factors of r?
23
Suppose 0 = -39*k + 29*k + 5530. List the prime factors of k.
7, 79
Let u(l) = -l**3 + 2*l**2 + 3*l - 3. Let y be u(2). List the prime factors of 4404/36 - (-2)/y.
3, 41
Let u(a) = -a**3 + 15*a**2 + 18*a - 25. Let z be u(15). Let m = z - 166. What are the prime facto